{"id":16,"date":"2018-02-07T01:12:08","date_gmt":"2018-02-07T01:12:08","guid":{"rendered":"http:\/\/localhost\/www.prmextintores.cl\/?page_id=16"},"modified":"2025-05-13T17:08:06","modified_gmt":"2025-05-13T17:08:06","slug":"inicio","status":"publish","type":"page","link":"https:\/\/www.enkeld.cl\/","title":{"rendered":"Inicio"},"content":{"rendered":"\t\t<div data-elementor-type=\"wp-page\" data-elementor-id=\"16\" class=\"elementor elementor-16\">\n\t\t\t\t\t\t\t\t\t<section class=\"elementor-section elementor-top-section elementor-element elementor-element-2abda38 elementor-section-full_width elementor-section-content-top animated-slow elementor-section-height-default elementor-section-height-default elementor-invisible\" data-id=\"2abda38\" data-element_type=\"section\" data-settings=\"{&quot;background_background&quot;:&quot;classic&quot;,&quot;animation&quot;:&quot;fadeIn&quot;}\">\n\t\t\t\t\t\t\t<div class=\"elementor-background-overlay\"><\/div>\n\t\t\t\t\t\t\t<div class=\"elementor-container elementor-column-gap-no\">\n\t\t\t\t\t<div class=\"elementor-column elementor-col-100 elementor-top-column elementor-element elementor-element-712986d\" data-id=\"712986d\" data-element_type=\"column\">\n\t\t\t<div class=\"elementor-widget-wrap elementor-element-populated\">\n\t\t\t\t\t\t\t\t<div class=\"elementor-element elementor-element-4e1cd0f elementor-widget__width-inherit elementor-widget elementor-widget-text-editor\" data-id=\"4e1cd0f\" data-element_type=\"widget\" data-settings=\"{&quot;_animation&quot;:&quot;none&quot;}\" data-widget_type=\"text-editor.default\">\n\t\t\t\t<div class=\"elementor-widget-container\">\n\t\t\t<style>\/*! elementor - v3.12.1 - 02-04-2023 *\/\n.elementor-widget-text-editor.elementor-drop-cap-view-stacked .elementor-drop-cap{background-color:#69727d;color:#fff}.elementor-widget-text-editor.elementor-drop-cap-view-framed .elementor-drop-cap{color:#69727d;border:3px solid;background-color:transparent}.elementor-widget-text-editor:not(.elementor-drop-cap-view-default) .elementor-drop-cap{margin-top:8px}.elementor-widget-text-editor:not(.elementor-drop-cap-view-default) .elementor-drop-cap-letter{width:1em;height:1em}.elementor-widget-text-editor .elementor-drop-cap{float:left;text-align:center;line-height:1;font-size:50px}.elementor-widget-text-editor .elementor-drop-cap-letter{display:inline-block}<\/style>\t\t\t\t<div id=\"metaslider-id-50\" style=\"max-width: 1520px; margin: 0 auto;\" class=\"ml-slider-3-27-5 metaslider metaslider-nivo metaslider-50 ml-slider\">\n    <div id=\"metaslider_container_50\">\n        <div class='slider-wrapper theme-default'><div class='ribbon'><\/div><div id='metaslider_50' class='nivoSlider'><a href=\"https:\/\/www.enkeld.cl\/?page_id=4\" target=\"_self\"><img width=\"1520\" height=\"520\" src=\"https:\/\/www.enkeld.cl\/wp-content\/uploads\/2025\/05\/SLIDE-FULL-1.png\" class=\"slider-50 slide-3006\" alt=\"\" loading=\"lazy\" data-caption=\"\" data-thumb=\"\" title=\"SLIDE-FULL-1\" rel=\"\" \/><\/a><a href=\"https:\/\/www.enkeld.cl\/?page_id=4\" target=\"_self\"><img width=\"1520\" height=\"520\" src=\"https:\/\/www.enkeld.cl\/wp-content\/uploads\/2025\/05\/SLIDE-FULL-2.png\" class=\"slider-50 slide-3007\" alt=\"\" loading=\"lazy\" data-caption=\"\" data-thumb=\"\" title=\"SLIDE-FULL-2\" rel=\"\" \/><\/a><a href=\"https:\/\/www.enkeld.cl\/?page_id=4\" target=\"_self\"><img width=\"1520\" height=\"520\" src=\"https:\/\/www.enkeld.cl\/wp-content\/uploads\/2025\/05\/SLIDE-FULL-3.png\" class=\"slider-50 slide-3008\" alt=\"\" loading=\"lazy\" data-caption=\"\" data-thumb=\"\" title=\"SLIDE-FULL-3\" rel=\"\" \/><\/a><a href=\"https:\/\/www.enkeld.cl\/?page_id=4\" target=\"_self\"><img width=\"1520\" height=\"520\" src=\"https:\/\/www.enkeld.cl\/wp-content\/uploads\/2025\/05\/SLIDE-FULL-4.png\" class=\"slider-50 slide-3009\" alt=\"\" loading=\"lazy\" data-caption=\"\" data-thumb=\"\" title=\"SLIDE-FULL-4\" rel=\"\" \/><\/a><img width=\"1520\" height=\"520\" src=\"https:\/\/www.enkeld.cl\/wp-content\/uploads\/2025\/05\/SLIDE-FULL-5.png\" class=\"slider-50 slide-3010\" alt=\"\" loading=\"lazy\" data-caption=\"\" data-thumb=\"\" title=\"SLIDE-FULL-5\" rel=\"\" \/><a href=\"https:\/\/www.enkeld.cl\/?page_id=4\" target=\"_self\"><img width=\"1520\" height=\"520\" src=\"https:\/\/www.enkeld.cl\/wp-content\/uploads\/2025\/05\/SLIDE-FULL-6.png\" class=\"slider-50 slide-3011\" alt=\"\" loading=\"lazy\" data-caption=\"\" data-thumb=\"\" title=\"SLIDE-FULL-6\" rel=\"\" \/><\/a><a href=\"https:\/\/www.enkeld.cl\/?page_id=4\" target=\"_self\"><img width=\"1520\" height=\"520\" src=\"https:\/\/www.enkeld.cl\/wp-content\/uploads\/2025\/05\/SLIDE-FULL-7.png\" class=\"slider-50 slide-3012\" alt=\"\" loading=\"lazy\" data-caption=\"\" data-thumb=\"\" title=\"SLIDE-FULL-7\" rel=\"\" \/><\/a><a href=\"https:\/\/www.enkeld.cl\/?page_id=4\" target=\"_self\"><img width=\"1520\" height=\"520\" src=\"https:\/\/www.enkeld.cl\/wp-content\/uploads\/2025\/05\/SLIDE-FULL-8.png\" class=\"slider-50 slide-3013\" alt=\"\" loading=\"lazy\" data-caption=\"\" data-thumb=\"\" title=\"SLIDE-FULL-8\" rel=\"\" \/><\/a><\/div><\/div>\n        \n    <\/div>\n<\/div>\t\t\t\t\t\t<\/div>\n\t\t\t\t<\/div>\n\t\t\t\t\t<\/div>\n\t\t<\/div>\n\t\t\t\t\t\t\t<\/div>\n\t\t<\/section>\n\t\t\t\t<section class=\"elementor-section elementor-top-section elementor-element elementor-element-02597b7 elementor-section-boxed elementor-section-height-default elementor-section-height-default\" data-id=\"02597b7\" data-element_type=\"section\" data-settings=\"{&quot;background_background&quot;:&quot;classic&quot;}\">\n\t\t\t\t\t\t<div class=\"elementor-container elementor-column-gap-default\">\n\t\t\t\t\t<div class=\"elementor-column elementor-col-100 elementor-top-column elementor-element elementor-element-c61ccb7\" data-id=\"c61ccb7\" data-element_type=\"column\">\n\t\t\t<div class=\"elementor-widget-wrap elementor-element-populated\">\n\t\t\t\t\t\t\t\t<div class=\"elementor-element elementor-element-5a3f695 elementor-widget elementor-widget-heading\" data-id=\"5a3f695\" data-element_type=\"widget\" data-widget_type=\"heading.default\">\n\t\t\t\t<div class=\"elementor-widget-container\">\n\t\t\t<style>\/*! elementor - v3.12.1 - 02-04-2023 *\/\n.elementor-heading-title{padding:0;margin:0;line-height:1}.elementor-widget-heading .elementor-heading-title[class*=elementor-size-]>a{color:inherit;font-size:inherit;line-height:inherit}.elementor-widget-heading .elementor-heading-title.elementor-size-small{font-size:15px}.elementor-widget-heading .elementor-heading-title.elementor-size-medium{font-size:19px}.elementor-widget-heading .elementor-heading-title.elementor-size-large{font-size:29px}.elementor-widget-heading .elementor-heading-title.elementor-size-xl{font-size:39px}.elementor-widget-heading .elementor-heading-title.elementor-size-xxl{font-size:59px}<\/style><h3 class=\"elementor-heading-title elementor-size-default\">\u201cEspecialistas en instrumentaci\u00f3n anal\u00edtica y de procesos industriales\"<\/h3>\t\t<\/div>\n\t\t\t\t<\/div>\n\t\t\t\t\t<\/div>\n\t\t<\/div>\n\t\t\t\t\t\t\t<\/div>\n\t\t<\/section>\n\t\t\t\t<section class=\"elementor-section elementor-top-section elementor-element elementor-element-b867fad elementor-section-boxed elementor-section-height-default elementor-section-height-default\" data-id=\"b867fad\" data-element_type=\"section\" data-settings=\"{&quot;background_background&quot;:&quot;classic&quot;}\">\n\t\t\t\t\t\t<div class=\"elementor-container elementor-column-gap-default\">\n\t\t\t\t\t<div class=\"elementor-column elementor-col-100 elementor-top-column elementor-element elementor-element-c66074a\" data-id=\"c66074a\" data-element_type=\"column\">\n\t\t\t<div class=\"elementor-widget-wrap\">\n\t\t\t\t\t\t\t\t\t<\/div>\n\t\t<\/div>\n\t\t\t\t\t\t\t<\/div>\n\t\t<\/section>\n\t\t\t\t<section class=\"elementor-section elementor-top-section elementor-element elementor-element-24b9c03 elementor-section-boxed elementor-section-height-default elementor-section-height-default\" data-id=\"24b9c03\" data-element_type=\"section\" data-settings=\"{&quot;background_background&quot;:&quot;classic&quot;}\">\n\t\t\t\t\t\t<div class=\"elementor-container elementor-column-gap-default\">\n\t\t\t\t\t<div class=\"elementor-column elementor-col-50 elementor-top-column elementor-element elementor-element-018d8c2\" data-id=\"018d8c2\" data-element_type=\"column\">\n\t\t\t<div class=\"elementor-widget-wrap elementor-element-populated\">\n\t\t\t\t\t\t\t\t<div class=\"elementor-element elementor-element-85d9992 elementor-widget elementor-widget-image\" data-id=\"85d9992\" data-element_type=\"widget\" data-widget_type=\"image.default\">\n\t\t\t\t<div class=\"elementor-widget-container\">\n\t\t\t<style>\/*! elementor - v3.12.1 - 02-04-2023 *\/\n.elementor-widget-image{text-align:center}.elementor-widget-image a{display:inline-block}.elementor-widget-image a img[src$=\".svg\"]{width:48px}.elementor-widget-image img{vertical-align:middle;display:inline-block}<\/style>\t\t\t\t\t\t\t\t\t\t\t\t<img width=\"488\" height=\"347\" src=\"https:\/\/www.enkeld.cl\/wp-content\/uploads\/2025\/03\/index-2.png\" class=\"attachment-large size-large wp-image-2344\" alt=\"\" loading=\"lazy\" \/>\t\t\t\t\t\t\t\t\t\t\t\t\t\t\t<\/div>\n\t\t\t\t<\/div>\n\t\t\t\t\t<\/div>\n\t\t<\/div>\n\t\t\t\t<div class=\"elementor-column elementor-col-50 elementor-top-column elementor-element elementor-element-9394ead\" data-id=\"9394ead\" data-element_type=\"column\">\n\t\t\t<div class=\"elementor-widget-wrap elementor-element-populated\">\n\t\t\t\t\t\t\t\t<div class=\"elementor-element elementor-element-0337f8f elementor-widget elementor-widget-heading\" data-id=\"0337f8f\" data-element_type=\"widget\" data-widget_type=\"heading.default\">\n\t\t\t\t<div class=\"elementor-widget-container\">\n\t\t\t<h3 class=\"elementor-heading-title elementor-size-default\">Especialistas industriales en mantenci\u00f3n de instrumentaci\u00f3n anal\u00edtica<\/h3>\t\t<\/div>\n\t\t\t\t<\/div>\n\t\t\t\t<div class=\"elementor-element elementor-element-50ee966 elementor-widget elementor-widget-text-editor\" data-id=\"50ee966\" data-element_type=\"widget\" data-widget_type=\"text-editor.default\">\n\t\t\t\t<div class=\"elementor-widget-container\">\n\t\t\t\t\t\t\t<p>Estamos en primera l\u00ednea a las necesidades del mercado, dentro de nuestro axioma esta la innovaci\u00f3n, nos involucramos en los verdaderos problemas de nuestros clientes para dar valor a nuestras propuestas.<\/p>\t\t\t\t\t\t<\/div>\n\t\t\t\t<\/div>\n\t\t\t\t<div class=\"elementor-element elementor-element-3b887b8 elementor-align-left elementor-widget elementor-widget-button\" data-id=\"3b887b8\" data-element_type=\"widget\" data-widget_type=\"button.default\">\n\t\t\t\t<div class=\"elementor-widget-container\">\n\t\t\t\t\t<div class=\"elementor-button-wrapper\">\n\t\t\t<a href=\"?page_id=353\" class=\"elementor-button-link elementor-button elementor-size-md\" role=\"button\">\n\t\t\t\t\t\t<span class=\"elementor-button-content-wrapper\">\n\t\t\t\t\t\t<span class=\"elementor-button-text\">> M\u00e1s informaci\u00f3n<\/span>\n\t\t<\/span>\n\t\t\t\t\t<\/a>\n\t\t<\/div>\n\t\t\t\t<\/div>\n\t\t\t\t<\/div>\n\t\t\t\t\t<\/div>\n\t\t<\/div>\n\t\t\t\t\t\t\t<\/div>\n\t\t<\/section>\n\t\t\t\t<section class=\"elementor-section elementor-top-section elementor-element elementor-element-a90f021 elementor-section-boxed elementor-section-height-default elementor-section-height-default\" data-id=\"a90f021\" data-element_type=\"section\">\n\t\t\t\t\t\t<div class=\"elementor-container elementor-column-gap-default\">\n\t\t\t\t\t<div class=\"elementor-column elementor-col-100 elementor-top-column elementor-element elementor-element-6742df2\" data-id=\"6742df2\" data-element_type=\"column\">\n\t\t\t<div class=\"elementor-widget-wrap elementor-element-populated\">\n\t\t\t\t\t\t\t\t<div class=\"elementor-element elementor-element-c4577ec elementor-widget elementor-widget-heading\" data-id=\"c4577ec\" data-element_type=\"widget\" data-widget_type=\"heading.default\">\n\t\t\t\t<div class=\"elementor-widget-container\">\n\t\t\t<h3 class=\"elementor-heading-title elementor-size-default\">Nuestros Clientes<\/h3>\t\t<\/div>\n\t\t\t\t<\/div>\n\t\t\t\t\t<\/div>\n\t\t<\/div>\n\t\t\t\t\t\t\t<\/div>\n\t\t<\/section>\n\t\t\t\t<section class=\"elementor-section elementor-top-section elementor-element elementor-element-c0d69f6 elementor-section-boxed elementor-section-height-default elementor-section-height-default\" data-id=\"c0d69f6\" data-element_type=\"section\">\n\t\t\t\t\t\t<div class=\"elementor-container elementor-column-gap-default\">\n\t\t\t\t\t<div class=\"elementor-column elementor-col-100 elementor-top-column elementor-element elementor-element-2d9afeb\" data-id=\"2d9afeb\" data-element_type=\"column\">\n\t\t\t<div class=\"elementor-widget-wrap elementor-element-populated\">\n\t\t\t\t\t\t\t\t<div class=\"elementor-element elementor-element-7da4447 elementor-widget elementor-widget-text-editor\" data-id=\"7da4447\" data-element_type=\"widget\" data-widget_type=\"text-editor.default\">\n\t\t\t\t<div class=\"elementor-widget-container\">\n\t\t\t\t\t\t\t<p>Actualmente ENKELD SPA se desarrolla principalmente con clientes de la gran miner\u00eda de igual forma participa en subcontratos con otras empresas de asesor\u00edas ambiental<\/p>\t\t\t\t\t\t<\/div>\n\t\t\t\t<\/div>\n\t\t\t\t\t<\/div>\n\t\t<\/div>\n\t\t\t\t\t\t\t<\/div>\n\t\t<\/section>\n\t\t\t\t<section class=\"elementor-section elementor-top-section elementor-element elementor-element-4a96652 elementor-section-boxed elementor-section-height-default elementor-section-height-default\" data-id=\"4a96652\" data-element_type=\"section\">\n\t\t\t\t\t\t\t<div class=\"elementor-background-overlay\"><\/div>\n\t\t\t\t\t\t\t<div class=\"elementor-container elementor-column-gap-default\">\n\t\t\t\t\t<div class=\"elementor-column elementor-col-100 elementor-top-column elementor-element elementor-element-34f42cc\" data-id=\"34f42cc\" data-element_type=\"column\">\n\t\t\t<div class=\"elementor-widget-wrap elementor-element-populated\">\n\t\t\t\t\t\t\t\t<div class=\"elementor-element elementor-element-b0a8610 elementor-arrows-position-inside elementor-pagination-position-outside elementor-widget elementor-widget-image-carousel\" data-id=\"b0a8610\" data-element_type=\"widget\" data-settings=\"{&quot;navigation&quot;:&quot;both&quot;,&quot;autoplay&quot;:&quot;yes&quot;,&quot;pause_on_hover&quot;:&quot;yes&quot;,&quot;pause_on_interaction&quot;:&quot;yes&quot;,&quot;autoplay_speed&quot;:5000,&quot;infinite&quot;:&quot;yes&quot;,&quot;speed&quot;:500}\" data-widget_type=\"image-carousel.default\">\n\t\t\t\t<div class=\"elementor-widget-container\">\n\t\t\t<style>\/*! elementor - v3.12.1 - 02-04-2023 *\/\n.elementor-widget-image-carousel .swiper,.elementor-widget-image-carousel .swiper-container{position:static}.elementor-widget-image-carousel .swiper-container .swiper-slide figure,.elementor-widget-image-carousel .swiper .swiper-slide figure{line-height:inherit}.elementor-widget-image-carousel .swiper-slide{text-align:center}.elementor-image-carousel-wrapper:not(.swiper-container-initialized) .swiper-slide,.elementor-image-carousel-wrapper:not(.swiper-initialized) .swiper-slide{max-width:calc(100% \/ var(--e-image-carousel-slides-to-show, 3))}<\/style>\t\t<div class=\"elementor-image-carousel-wrapper swiper-container\" dir=\"ltr\">\n\t\t\t<div class=\"elementor-image-carousel swiper-wrapper\">\n\t\t\t\t\t\t\t\t<div class=\"swiper-slide\"><figure class=\"swiper-slide-inner\"><img class=\"swiper-slide-image\" src=\"https:\/\/www.enkeld.cl\/wp-content\/uploads\/2025\/03\/cdelco.png\" alt=\"cdelco\" \/><\/figure><\/div><div class=\"swiper-slide\"><figure class=\"swiper-slide-inner\"><img class=\"swiper-slide-image\" src=\"https:\/\/www.enkeld.cl\/wp-content\/uploads\/2025\/03\/cdelco-2.png\" alt=\"cdelco-2\" \/><\/figure><\/div><div class=\"swiper-slide\"><figure class=\"swiper-slide-inner\"><img class=\"swiper-slide-image\" src=\"https:\/\/www.enkeld.cl\/wp-content\/uploads\/2025\/03\/ega.png\" alt=\"ega\" \/><\/figure><\/div><div class=\"swiper-slide\"><figure class=\"swiper-slide-inner\"><img class=\"swiper-slide-image\" src=\"https:\/\/www.enkeld.cl\/wp-content\/uploads\/2025\/03\/endress.png\" alt=\"endress\" \/><\/figure><\/div><div class=\"swiper-slide\"><figure class=\"swiper-slide-inner\"><img class=\"swiper-slide-image\" src=\"https:\/\/www.enkeld.cl\/wp-content\/uploads\/2025\/03\/magna.png\" alt=\"magna\" \/><\/figure><\/div><div class=\"swiper-slide\"><figure class=\"swiper-slide-inner\"><img class=\"swiper-slide-image\" src=\"https:\/\/www.enkeld.cl\/wp-content\/uploads\/2025\/03\/nalco.png\" alt=\"nalco\" \/><\/figure><\/div><div class=\"swiper-slide\"><figure class=\"swiper-slide-inner\"><img class=\"swiper-slide-image\" src=\"https:\/\/www.enkeld.cl\/wp-content\/uploads\/2025\/03\/sick.png\" alt=\"sick\" \/><\/figure><\/div>\t\t\t<\/div>\n\t\t\t\t\t\t\t\t\t\t\t\t<div class=\"swiper-pagination\"><\/div>\n\t\t\t\t\t\t\t\t\t\t\t\t\t<div class=\"elementor-swiper-button elementor-swiper-button-prev\">\n\t\t\t\t\t\t<i aria-hidden=\"true\" class=\"eicon-chevron-left\"><\/i>\t\t\t\t\t\t<span class=\"elementor-screen-only\">Previous<\/span>\n\t\t\t\t\t<\/div>\n\t\t\t\t\t<div class=\"elementor-swiper-button elementor-swiper-button-next\">\n\t\t\t\t\t\t<i aria-hidden=\"true\" class=\"eicon-chevron-right\"><\/i>\t\t\t\t\t\t<span class=\"elementor-screen-only\">Next<\/span>\n\t\t\t\t\t<\/div>\n\t\t\t\t\t\t\t\t\t<\/div>\n\t\t\t\t<\/div>\n\t\t\t\t<\/div>\n\t\t\t\t\t<\/div>\n\t\t<\/div>\n\t\t\t\t\t\t\t<\/div>\n\t\t<\/section>\n\t\t\t\t<section class=\"elementor-section elementor-top-section elementor-element elementor-element-f92de85 elementor-section-boxed elementor-section-height-default elementor-section-height-default\" data-id=\"f92de85\" data-element_type=\"section\">\n\t\t\t\t\t\t\t<div class=\"elementor-background-overlay\"><\/div>\n\t\t\t\t\t\t\t<div class=\"elementor-container elementor-column-gap-default\">\n\t\t\t\t\t<div class=\"elementor-column elementor-col-50 elementor-top-column elementor-element elementor-element-5927328\" data-id=\"5927328\" data-element_type=\"column\">\n\t\t\t<div class=\"elementor-widget-wrap elementor-element-populated\">\n\t\t\t\t\t\t\t\t<div class=\"elementor-element elementor-element-4c2c04e elementor-widget elementor-widget-text-editor\" data-id=\"4c2c04e\" data-element_type=\"widget\" data-widget_type=\"text-editor.default\">\n\t\t\t\t<div class=\"elementor-widget-container\">\n\t\t\t\t\t\t\tBrochure ENKELD\t\t\t\t\t\t<\/div>\n\t\t\t\t<\/div>\n\t\t\t\t<div class=\"elementor-element elementor-element-12a1a7f elementor-widget elementor-widget-text-editor\" data-id=\"12a1a7f\" data-element_type=\"widget\" data-widget_type=\"text-editor.default\">\n\t\t\t\t<div class=\"elementor-widget-container\">\n\t\t\t\t\t\t\t<p>Estamos en primera l\u00ednea a las necesidades del mercado, dentro de nuestro axioma esta la innovaci\u00f3n, nos involucramos en los verdaderos problemas de nuestros clientes para dar valor a nuestras propuestas.<\/p>\t\t\t\t\t\t<\/div>\n\t\t\t\t<\/div>\n\t\t\t\t<div class=\"elementor-element elementor-element-97776cb elementor-align-left elementor-widget elementor-widget-button\" data-id=\"97776cb\" data-element_type=\"widget\" data-widget_type=\"button.default\">\n\t\t\t\t<div class=\"elementor-widget-container\">\n\t\t\t\t\t<div class=\"elementor-button-wrapper\">\n\t\t\t<a href=\"https:\/\/www.enkeld.cl\/presentacion-ENKELD-SPA.pdf\" target=\"_blank\" class=\"elementor-button-link elementor-button elementor-size-md\" role=\"button\">\n\t\t\t\t\t\t<span class=\"elementor-button-content-wrapper\">\n\t\t\t\t\t\t<span class=\"elementor-button-text\">> M\u00e1s informaci\u00f3n<\/span>\n\t\t<\/span>\n\t\t\t\t\t<\/a>\n\t\t<\/div>\n\t\t\t\t<\/div>\n\t\t\t\t<\/div>\n\t\t\t\t\t<\/div>\n\t\t<\/div>\n\t\t\t\t<div class=\"elementor-column elementor-col-50 elementor-top-column elementor-element elementor-element-c9e1a97\" data-id=\"c9e1a97\" data-element_type=\"column\" data-settings=\"{&quot;background_background&quot;:&quot;classic&quot;}\">\n\t\t\t<div class=\"elementor-widget-wrap\">\n\t\t\t\t\t<div class=\"elementor-background-overlay\"><\/div>\n\t\t\t\t\t\t\t\t\t<\/div>\n\t\t<\/div>\n\t\t\t\t\t\t\t<\/div>\n\t\t<\/section>\n\t\t\t\t\t\t\t<\/div>\n\t\t","protected":false},"excerpt":{"rendered":"<p>\u201cEspecialistas en instrumentaci\u00f3n anal\u00edtica y de procesos industriales&#8221; Especialistas industriales en mantenci\u00f3n de instrumentaci\u00f3n anal\u00edtica Estamos en primera l\u00ednea a las necesidades del mercado, dentro de nuestro axioma esta la innovaci\u00f3n, nos involucramos en los verdaderos problemas de nuestros clientes para dar valor a nuestras propuestas. > M\u00e1s informaci\u00f3n Nuestros Clientes Actualmente ENKELD SPA se [&hellip;]<\/p>\n","protected":false},"author":1,"featured_media":0,"parent":0,"menu_order":0,"comment_status":"closed","ping_status":"closed","template":"elementor_header_footer","meta":[],"_links":{"self":[{"href":"https:\/\/www.enkeld.cl\/index.php?rest_route=\/wp\/v2\/pages\/16"}],"collection":[{"href":"https:\/\/www.enkeld.cl\/index.php?rest_route=\/wp\/v2\/pages"}],"about":[{"href":"https:\/\/www.enkeld.cl\/index.php?rest_route=\/wp\/v2\/types\/page"}],"author":[{"embeddable":true,"href":"https:\/\/www.enkeld.cl\/index.php?rest_route=\/wp\/v2\/users\/1"}],"replies":[{"embeddable":true,"href":"https:\/\/www.enkeld.cl\/index.php?rest_route=%2Fwp%2Fv2%2Fcomments&post=16"}],"version-history":[{"count":761,"href":"https:\/\/www.enkeld.cl\/index.php?rest_route=\/wp\/v2\/pages\/16\/revisions"}],"predecessor-version":[{"id":3025,"href":"https:\/\/www.enkeld.cl\/index.php?rest_route=\/wp\/v2\/pages\/16\/revisions\/3025"}],"wp:attachment":[{"href":"https:\/\/www.enkeld.cl\/index.php?rest_route=%2Fwp%2Fv2%2Fmedia&parent=16"}],"curies":[{"name":"wp","href":"https:\/\/api.w.org\/{rel}","templated":true}]}}